*z(b). What is x(-3)?
0
Let g(b) = 6*b**2 + 1. Let i be ((-5)/(-10))/(1/2). Let z be g(i). Let t(w) = 5 + w + 3*w - z. What is t(-2)?
-10
Suppose -p = 4*p - 25. Let v(g) = -g**3 + 6*g**2 - 2*g - 7. Calculate v(p).
8
Suppose 8*x - 4*x = 0. Let c(w) be the third derivative of 0*w + w**2 + x + 7/6*w**3 - 1/120*w**6 - 5/24*w**4 + 1/10*w**5. Calculate c(5).
7
Suppose 21*w + 2 = 22*w. Let d(c) = c**2 + 1 - 5 + 2. What is d(w)?
2
Let h(x) = x**3 + x**2 + x + 9. Let p(g) = 2*g - 9. Let m be p(7). Let y be ((2 - m) + 3)/1. Calculate h(y).
9
Suppose -2 = -4*n + 6. Let d = 0 + n. Let w(o) = o - 4*o + 0*o**d + o**2 + o**2. What is w(3)?
9
Let y = 27 - 21. Suppose 0 = y*k - 5*k - 8. Let d(n) = -n + 13. Give d(k).
5
Let h = -62 - -67. Let n(i) = i - 5. Calculate n(h).
0
Let u(r) = -27 + 15 - 7*r + 14 + r. Determine u(2).
-10
Let h(a) = 5 + 6*a**2 - a + 3 - 4*a - 4 - a**3. Give h(5).
4
Suppose 4*s = 8*s - 4. Let k(w) = -w**3 + w**2 - w. Let h(t) = -3*t**3 + 3*t**2 - 3*t - 8. Let m(x) = s*h(x) - 2*k(x). Calculate m(0).
-8
Let p = -5 + 5. Let i(h) = -2*h**2 + 0*h**2 + 3*h**2 - 6. Determine i(p).
-6
Suppose -2*g + g = -1. Suppose 0 = 2*f - 3*f + g. Let y(q) = -11 + 8 - 2*q**3 + 4. Give y(f).
-1
Let p(d) = d**3 - 3*d**2 - 2*d - 4. Suppose -3*s - 12 = -0*s. Let k(w) = -2*w - 5. Let a be k(s). Suppose a*t - 12 = -0. What is p(t)?
4
Let w = 11 - 15. Let d(v) = -v**3 - 3*v**2 + 4*v - 3. Determine d(w).
-3
Let p be (26/4)/(4/8). Suppose 2*o - 5*i + p = -1, 3*o = -2*i - 2. Let s(x) = -3*x + 0*x + 0 - 2. Determine s(o).
4
Let g be (-4)/(-6) + 1/3. Let z(x) = -13*x - 7. Let m(h) = 3*h + 6. Let a(k) = -4*k - 5. Let i(v) = 3*a(v) + 2*m(v). Let r(d) = -5*i(d) + 2*z(d). What is r(g)?
5
Let y(j) = -3*j**2 + 0*j**2 + j**3 + 0*j**3. Let z(q) = -q**3 - 4*q**2 + 6*q + 8. Let l be z(-5). Determine y(l).
0
Let b(a) = -2*a - 8. Let o(p) = p**2 - 5*p - 6. Suppose 2*f - 3*f + 5 = 0. Let s be o(f). What is b(s)?
4
Let n(r) be the third derivative of -r**5/60 + 7*r**4/24 + r**3/2 - 16*r**2 - r. What is n(8)?
-5
Let m(t) be the second derivative of -t**4/24 - 4*t**3/3 + t**2/2 + 5*t. Let z(b) be the first derivative of m(b). What is z(0)?
-8
Let g(u) = 2*u**3 - 3*u**2 + u - 2. Let r be g(2). Let w(t) be the first derivative of r - 3*t - t**2 - 1/3*t**3. What is w(-3)?
-6
Let r = -1 - -3. Let m(i) = -2*i**3 - 6*i**2 - 4*i + r*i**3 - 2*i - i**3. What is m(-4)?
-8
Let s(v) = 3*v**2 - 10*v + 13. Let u(z) = -2*z**2 + 9*z - 12. Let w(c) = -3*s(c) - 4*u(c). What is w(-7)?
2
Let h(x) = 5*x**2 + 4*x + x**2 + x**3 - 2*x**2 + 2. Let j be 3/4 + ((-19)/4 - -2). What is h(j)?
2
Let u = -11 + 18. Suppose 0*a = -4*g + a + 11, 0 = 3*g - a - u. Let l(q) = 6 - 3*q**2 - 3*q**3 + 5*q**3 - q**3 - 7*q. What is l(g)?
-6
Let a(o) = -o**2 + 3*o + 2 + 5 - 3 + 1. What is a(4)?
1
Let a = 5 - 1. Suppose g = 6 - a. Let l be (-6)/(-3) - (8 - g). Let s(o) = -o**3 - 4*o**2 + 2*o + 4. Calculate s(l).
-4
Let p(j) be the second derivative of 1/120*j**5 + j + 1/2*j**3 + 0 + 5/24*j**4 + 0*j**2. Let s(h) be the second derivative of p(h). Calculate s(-4).
1
Let m(d) = 3*d - 1. Let s(b) = -b**3 - 3*b**2 + b + 4. Let p be (-63)/(-7)*1/(-3). Let j be s(p). Give m(j).
2
Let c(n) = n**2 - n - 4. Let f(z) = -1. Let l(v) = 3*c(v) - 12*f(v). Give l(2).
6
Let o(r) be the first derivative of 2 - 1/3*r**3 + 1/2*r**2 - 8*r. Calculate o(0).
-8
Let o(t) = t**3 - 5*t**2 - 6*t - 1. Let j(x) = -x - 2*x - 2*x + 8*x**2 + x**3 - 3 - 5*x. Let k be j(-9). Calculate o(k).
-1
Let y(d) = 1 + 2*d - 7 + 2 - 4*d. Determine y(-4).
4
Let q(f) = 4*f + 3. Suppose -5*n + 24 = -n. Suppose -5*k + 0 = 3*u + n, -3*k - 15 = -2*u. Give q(k).
-9
Let u(b) = 2*b + 3. Let q be 18/5 + (-8)/(-20). Determine u(q).
11
Let o(s) = -s**3 - 2*s**2 + s - 2. Suppose 2*j - 5*b + 7 = 22, j = -5*b + 30. Suppose j = z + 2*z. Suppose 3 - 18 = z*g. Determine o(g).
4
Let a(c) be the second derivative of -c**4/12 + 2*c**3/3 - 7*c. Give a(5).
-5
Let n(z) be the third derivative of -7*z**5/120 - z**4/24 + z**3/2 + 10*z**2. Let b(o) be the first derivative of n(o). Give b(-1).
6
Let m(q) be the third derivative of 0 - 1/8*q**4 + 1/2*q**3 - 1/60*q**5 + 0*q - 3*q**2. What is m(-3)?
3
Let r = -15 - -19. Suppose r*z - 2 + 7 = -3*p, 4*z - 2*p = 10. Let i(m) = -2*m - 1. What is i(z)?
-3
Let n(z) = -z. Let f(o) = o - 8. Suppose -9 = 3*r - 3. Let w(k) = r*n(k) - f(k). Let a be 4/14 - (-30)/(-7). What is w(a)?
4
Let d = 12 + -7. Let l(b) = d + 3*b**2 + 4*b + 5*b - 4*b**2. Let o be l(10). Let s(n) = -n**2 - 5*n - 5. What is s(o)?
-5
Let d(h) = 2*h**2 + 7*h + 6. Let z be 0 - (90/21 + (-10)/35). Calculate d(z).
10
Let v(w) = -2*w**2 + 6*w - 4. Let p(o) be the third derivative of o**5/30 - o**4/4 + 2*o**3/3 - 5*o**2. Let i(r) = 3*p(r) + 2*v(r). Determine i(4).
12
Let s(i) = 4 + 3*i**3 - 2*i**3 - 2*i**3 + i**2. Determine s(0).
4
Suppose -c - 4 = -3*c. Let s(v) = -6 + 3*v + 16 - 6 - 5. What is s(c)?
5
Let i be 3 + (-9)/6 - 1. Let w(v) be the first derivative of i*v**2 + 1 - 2*v + v**3 - 1/4*v**4. Determine w(2).
4
Let z = 2 - 7. Let k = z - -2. Let h be k/((-6)/4) + -3. Let i(n) = -n**3 - 1. Calculate i(h).
0
Let t be (-100)/16 + 1/4. Let b be 2/2*(t + 9). Let q(k) = -3 - k + 2 + 7. Calculate q(b).
3
Let q = 12 - 3. Let n = q + -3. Let d(r) = r**3 - 2*r**2 + 2. Let j(p) = -p**3 + 2*p**2 - 3. Let v(c) = n*d(c) + 5*j(c). Determine v(3).
6
Let o(z) = 7*z + 2 - 3 + 4. What is o(-3)?
-18
Let p(q) = -6*q - 19. Let d(z) = -z - 1. Let i(r) = -5*d(r) + p(r). Determine i(0).
-14
Let y(x) = -2*x**2 + 4*x + 1. Let m be (1 - 0)/((-2)/(-12)). Suppose 0 = -4*f + 6 + m. What is y(f)?
-5
Let y = -53 - -56. Let m(w) = -w**3 + w**2 + w. Calculate m(y).
-15
Let i(t) = -t**2 + 7*t - 6. Suppose -6*f + f = 15, 10 = 4*a - 2*f. Let p(x) = 4*x**2. Let n be p(a). Determine i(n).
6
Let w(o) = 0*o**2 - 1 - 5*o + 4*o**2 + o**2 + 4. Let z(t) = -11*t**2 + 11*t - 6. Let g(u) = -13*w(u) - 6*z(u). Let v = 1 - 1. What is g(v)?
-3
Let y be (3/9)/(-1)*3. Let z(o) be the third derivative of -11*o**5/60 - o**3/6 + o**2. Determine z(y).
-12
Let w(b) = b + 5. Let n(s) = 7. Let t(o) = 3*n(o) - 4*w(o). Give t(1).
-3
Let f(t) = 2*t**2 - t. Let q(a) = -11*a + 54. Let b be q(5). What is f(b)?
3
Let w(j) be the third derivative of j**5/60 - j**4/24 - j**3/6 + 7*j**2. Suppose -4*x - 2 = 2. Give w(x).
1
Suppose q + 2*q - 6 = 0. Let y(n) = -n**3 + 0 + 2 + 0*n**3. Give y(q).
-6
Let i(c) = 2*c**3 + 2*c**2 - 7*c + 4. Let l(b) = b**3 + b**2 - 4*b + 2. Let j(g) = -4*i(g) + 7*l(g). What is j(-2)?
2
Let u(j) = 2*j - 3. Let x(n) = -6*n + 9. Let d(l) = -11*u(l) - 4*x(l). What is d(4)?
5
Let c(a) be the second derivative of -a**3/6 + 2*a**2 - 2*a. Let p be 0 - 0 - (3 - 3). Determine c(p).
4
Let k = -2 + 2. Suppose 4*v - 15 = -n, k = 5*n + 5*v - 10 - 5. Let q(y) be the third derivative of 7*y**6/120 - y**5/60 - y**4/24 - y**2. What is q(n)?
-7
Let z be (-4 + 12)*(-1)/(-2). Suppose z*i = -0*i - 8. Let j(s) = 4 + 2*s**2 + 0 - 3. Give j(i).
9
Let r(l) = -l**2 - 2*l + 7. Let o(q) = q**2 + 3*q - 7. Let y(f) = 4*o(f) + 3*r(f). Calculate y(-8).
9
Let x be (((-30)/(-9))/(-2))/((-12)/36). Let d(q) = q**3 - 4*q**2 - 6*q - 4. What is d(x)?
-9
Suppose 15*l - 20*l - 20 = 0. Let i(j) = -2*j**2 - 5*j - 6. Give i(l).
-18
Let z(b) be the second derivative of -b**5/20 + b**4/3 + b**3/2 + 5*b**2/2 + 7*b. Calculate z(5).
-5
Let y(p) be the first derivative of 1/3*p**3 - p + 3 + 2*p**2. Suppose -2*m + m = 4. What is y(m)?
-1
Suppose 6 = 5*u + 1. Let p(r) be the second derivative of r**6/72 - r**4/24 - r**3/2 - 2*r. Let v(f) be the second derivative of p(f). Calculate v(u).
4
Suppose -3*r = 2*r - 20. Let a be r - 2 - 4 - -4. Let o(s) = -2*s + 2*s**3 + 2*s**2 + s**2 - s**a - 1. What is o(-2)?
-5
Let o(j) = j**3 - 5*j**2 - 7*j - 1. Let h be -3 - (0/1 + -9). Give o(h).
-7
Suppose 0 = -5*q + 25, o - 2 + 0 = -q. Let w(n) = -n**2 - 3*n - 2. Give w(o).
-2
Let q(m) = m + 6. Let j(y) = -5*y - 25. Let s(k) = -2*j(k) - 9*q(k). Suppose 4*t - 9*t = 0, -3*p = 2*t + 12. What is s(p)?
-8
Let o(v) = 1 - v**3 + 7*v**2 + 0*v**3 - 5*v - v**2. Suppose 26 - 42 = -4*r. Calculate o(r).
13
Let m be ((-15)/45)/((-1)/12). Let q(w) = 12 - m*w**2 - 5*w - 8 + w**2 - 7. Calculate q(-3).
-15
Let f(o) = o**3 - 4*o**2 + 4*o - 4. Let m be (-1 - -1)*(0 + -1). Let q = 6 - 9. Let r = m - q. What is f(r)?
-1
Suppose 1 =